*2. Determine w(-1).
12
Let j(w) = -65*w + 28*w - 1 + 33*w + 2. Calculate j(1).
-3
Let t(a) = -a**2 - 7*a + 4. Let k be t(-7). Let y(i) = k*i + 0 - 4 - 5*i + 0. Give y(-3).
-1
Let u = -44 + 43. Let c(k) = 12*k**2 - 1. Calculate c(u).
11
Let u(n) = n**2 - 3*n - 2. Let b be (-188)/(-16) + 1/4. Let a = b + -9. Determine u(a).
-2
Let l(a) = -a**3 + 7*a**2 + 2*a - 2. Let x be (7/4)/((-5)/(-20)). Determine l(x).
12
Let d(u) = -u**2 + u - 6. Let r(c) be the third derivative of -c**5/60 - c**4/24 + 3*c**2. Let b be r(0). Determine d(b).
-6
Let j(c) be the first derivative of -c**4/4 + 2*c**3/3 - c**2/2 + 4*c - 7. Give j(3).
-8
Let u(m) = m**3 + 3*m**2 - 2*m + 2. Let h be 46/4 - (-3)/2. Suppose -5*v = -y + h, -2*y = v + 4 + 3. Let o = -6 - y. Calculate u(o).
-6
Let r be (-1 - -1)/(1 - 2). Let h(q) = r*q + 2*q - q + q. Calculate h(-3).
-6
Let u(f) = 7*f**2 + f. Let j be (-34)/(-6) + 2/6. Suppose 0 = 3*l - 3*h + 3, 0 = 4*l - 6*h + h + j. Calculate u(l).
8
Let i(l) = -2*l + 70 + l - 73. What is i(7)?
-10
Let d(p) = -p**2 + 2*p + 3. Let l be d(3). Let m(h) = -30 + 28 + h**2 + 3*h + l*h**2. Suppose y = -3*a - 5 - 13, -14 = 4*a - 2*y. Calculate m(a).
8
Let p(v) be the third derivative of v**4/24 + 3*v**2. Let b(h) = 4*h - 1. Let i(f) = -b(f) + 5*p(f). Let z(s) = -s**2 + 4*s + 3. Let m be z(5). Calculate i(m).
-1
Let s(m) be the second derivative of -m**4/12 + m**3/3 - m. Suppose -130*l = -129*l - 3. Give s(l).
-3
Let z(o) = -2*o**2 + 1. Let t(c) = -3*c - 19. Let m be t(-6). Determine z(m).
-1
Let j(g) = g**3 + g**2 - 1. Let m(a) = 3*a**3 + 8*a**2 + 7*a - 11. Let l(d) = 4*j(d) - m(d). Determine l(5).
-3
Let p(t) be the first derivative of 2*t**2 - 3*t + 26. Calculate p(-4).
-19
Let u(c) be the third derivative of -c**6/720 + c**5/60 - c**4/24 - 3*c**2. Let a(t) be the second derivative of u(t). Calculate a(4).
-2
Suppose -4 = -2*l + 2*d, 0*l - l = 3*d + 2. Let x(n) = n - 1 + n**2 + 2 - 1. Determine x(l).
2
Let o(s) be the second derivative of 2*s**3/3 - s**2/2 - 10*s. Let y(n) = n**2 + 5*n - 7. Let j be y(-6). What is o(j)?
-5
Let i(h) = -h - 2. Suppose -3*l - 2*y = -17, -y + 6*y + 5 = 2*l. Suppose 45 = 5*x - 3*g, -l*g + 37 = -2*x + 3*x. Suppose -4*b + 0*b + x = 0. What is i(b)?
-5
Suppose 10 = -5*y - 5*x, 4*x + 15 = y + 2*y. Let h = 0 - y. Let k(t) = 4*t**2 + 3*t - 2. Let n(v) = 4*v**2 + 2*v - 1. Let l(u) = 2*k(u) - 3*n(u). What is l(h)?
-5
Suppose 0*i + 6 = 3*i. Suppose -2*b = 3*q - 6, b - 6*q = -q + 16. Let w(j) = b*j + 2 - 2 - j**i. Calculate w(5).
5
Let x(h) = -h**2 + 3*h - 4. Suppose 3*f - s = -0*s - 10, -4*f - 3*s - 9 = 0. Let t = 6 + f. Calculate x(t).
-4
Let u(k) = -k - 11. Let q = 152 - 157. What is u(q)?
-6
Let g(t) = t - 3. Let s(i) be the second derivative of i**2/2 - 8*i. Let a(q) = g(q) + 4*s(q). Give a(-6).
-5
Suppose -34*g = -29*g. Let f(p) = -p - 6. What is f(g)?
-6
Let n(z) = -z**3 - 4*z**2 - 3*z - 7. Let o(m) = -2*m**3 - 9*m**2 - 7*m - 13. Let f(w) = 5*n(w) - 3*o(w). What is f(-6)?
4
Let x(o) = -o**3 + 3*o**2 - o + 2. Let z = 14 - 10. Determine x(z).
-18
Let v(y) = -y**2 + y - 1. Let m(a) = 4*a - 2. Let p(g) = -m(g) - v(g). Calculate p(5).
3
Suppose 0*l + 2*l + 8 = 0. Let z(i) = 4. Let m(r) = -r + 11. Let b(o) = l*m(o) + 11*z(o). What is b(2)?
8
Let p(v) be the third derivative of v**5/15 - v**4/8 - v**3/6 + 12*v**2. What is p(-2)?
21
Let y = 2 + 0. Let z(t) = -2 + 3*t - t**2 - t**y + t**2. Give z(4).
-6
Let g(i) be the second derivative of 5*i**3/6 + i**2/2 + 2*i. Let q be 4 + 1 + (-7 - -6). Let c be (-4)/2 - q/(-4). Determine g(c).
-4
Let m(j) = -j**2 - 4*j + 4. Let d be m(-4). Let b(k) = -3 + 2 - 2*k + d - 2*k**2 - 5. What is b(-2)?
-6
Let q(m) = -m**3 + 6*m**2 - 4*m - 3. Let l(x) = -x**2 + 10*x - 4. Let z be l(10). Let t be (-8)/(-32) - 19/z. Determine q(t).
2
Let z(p) be the second derivative of 17*p**3/2 - 3*p**2 - 3*p. Let v(r) = -10*r + 1. Suppose -8 = d - 10. Let l(g) = d*z(g) + 11*v(g). Calculate l(-1).
7
Let i(m) be the third derivative of m**4/8 - m**3/2 + m**2. Suppose 0 = 20*n - 50 - 10. Give i(n).
6
Let o be 33/7 + 6/21. Let t(v) = v**3 + 3*v**2 - 2. Let j be t(-2). Let i(b) = -5*b - 4*b**2 + 3*b**3 - 2*b**3 + 0*b**j. What is i(o)?
0
Let a(z) = 5*z**3 + 10*z**2 + 9*z - 2. Let u(j) = -4*j**3 - 9*j**2 - 8*j + 1. Let b(w) = 5*a(w) + 6*u(w). Calculate b(5).
6
Let g = -48 - -42. Let m(n) = 2*n + 1. What is m(g)?
-11
Let y(z) = 2. Let o(l) = -l - 1. Let j(f) = -4*o(f) - 5*y(f). Give j(6).
18
Let s(d) = -d**2 + 5*d - 2. Let w = -2 - -5. What is s(w)?
4
Let s(d) = -d + 3. Let z be 3 - (0 + -3)*-1. Determine s(z).
3
Let t(h) be the second derivative of h**3/6 - h**2/2 + 2*h. Suppose -3 = 2*g - 7. Suppose 4 = g*o + 2. Determine t(o).
0
Let c(t) = t**3 - 8*t**2 - 9*t - 1. Let u be c(9). Let o(z) = 11*z. Determine o(u).
-11
Suppose 15 + 1 = 2*h. Let u(n) = -n**2 + 9*n - 7. Determine u(h).
1
Let i be (-2)/5 + 4/10. Let y(w) = i*w + w**2 + 0*w + 6*w - 2*w. Give y(-5).
5
Let k(r) = r**3 - 16*r**2 + 14*r + 12. Let x be k(15). Let c(t) = -t**3 - 4*t**2 - 2*t + 2. Give c(x).
-1
Let x(d) = 2*d - 9. Let k be x(6). Suppose 0 = 3*n - 7*n - 5*t - 7, 2*n = t + 7. Let c(s) = 5 + 4*s**n - s**k - s**2 - 4*s**2. Determine c(0).
5
Suppose -17 = -h - 6. Let u(g) = 0 - g + 10 - 14 + h + g**2. Let t = 1 - 1. What is u(t)?
7
Let s(z) = -z**2 + 4*z - 3. Suppose 4 = -2*h - 0, -a - 3*h - 1 = 0. Determine s(a).
-8
Let i(x) = 13*x - 7. Let r(m) = -19*m + 10. Let a(z) = -7*i(z) - 5*r(z). Suppose 0 = 5*p - 2*y - 25, -5*p + 3 = 4*y + 8. Suppose -p - 3 = -3*w. Calculate a(w).
7
Let d(u) = -u**2 + u + 1. Let w = 1 - -2. Suppose -3*q - q - 5*o = -31, -4*q + w*o = -7. Suppose 0 = -5*t + 2*z - 4*z - 8, z = -q. Give d(t).
1
Let d(f) = 2 + 2*f**2 - f - 1 + 2*f. Suppose 5*i - 2 = 3*p + 3, 5*p + 5*i = 5. Let j be (1/1)/(-1 + p). What is d(j)?
2
Let s = -10 + 9. Let t(u) = 4*u + 1. What is t(s)?
-3
Let d(a) be the second derivative of 1/20*a**5 + 0 + a**2 + 1/12*a**4 - 2*a - 1/6*a**3. Give d(-2).
0
Suppose 0*r = 5*r - 10. Suppose r*a + 4*g - 22 = -0*g, -17 = -3*a - 2*g. Let c(q) = -3*q**2 + a*q - q - 4*q**2 - q**3 + 4*q**2. What is c(-3)?
-6
Let m(t) = t**2 - 5*t - 1. Let r(a) = a. Let k(i) = -4*i + 4. Let s(o) = -k(o) - 6*r(o). Let f be s(-5). Calculate m(f).
5
Let b(m) = 2*m + 9. Let y = -2 + -4. Calculate b(y).
-3
Let f(q) = q**2 - 9*q - 3. Suppose -6*v + 108 = 6*v. What is f(v)?
-3
Let a = 37 + -25. Let h = a - 17. Let b(x) be the second derivative of -x**5/20 - 5*x**4/12 - x**3/6 + 3*x**2/2 + x. Give b(h).
8
Let c(v) = v**3 + v**2 - 4*v - 3. Let i(d) = -d**3 + d. Let w be i(-1). Suppose -4*x - 5*a + a + 4 = w, 5 = -x + a. What is c(x)?
1
Suppose -4*o - 4 = 0, 2*j - 6*j = -4*o - 12. Suppose -5*w - j = 13. Let v(h) = -h + 3. Give v(w).
6
Let z(o) = -4*o**3 + 9*o**2 + 4. Let c(b) = b**3 - 3*b**2 - 1. Let u(y) = 7*c(y) + 2*z(y). Give u(-2).
-3
Suppose -f = 8 - 2. Let a be f*(-4)/6 - 2. Suppose -2*p + 4*x - 20 = 0, 0*p = a*p + 3*x - 1. Let t(c) = -c**2 - c + 4. Determine t(p).
-8
Let p(t) = t**3 + 2*t - 1. Let b be 8/(-24)*(1 + 2)/(-1). Calculate p(b).
2
Suppose -2*n = -6*n - 8. Let w(p) be the first derivative of -2*p**3/3 - p**2/2 + p + 2. Give w(n).
-5
Let v(l) be the first derivative of -1/3*l**3 + 4*l**2 - 4*l + 3. Determine v(6).
8
Let k(u) = -u**2 + 9*u - 10. Let r be k(7). Suppose -r*j + 9 = -j. Let s(y) = -y**2 + 4*y. Calculate s(j).
3
Let k(m) = m - 2. Suppose 4*z - 2 = 2*z, 7 = -4*f - z. Determine k(f).
-4
Let v(b) = -b + 9. Let f(s) = 2*s - 6. Let l be f(5). What is v(l)?
5
Let w(i) be the first derivative of -i**6/360 - 7*i**5/120 - i**4/6 + i**3/3 - 3. Let o(m) be the third derivative of w(m). Calculate o(-5).
6
Let g = 43 + -23. Suppose -g = 4*v, -5*n + 4*v + 12 = 2. Let h(k) = k**3 + 4*k**2 + 2*k - 2. What is h(n)?
2
Let t be (-15 - -3)*2/4. Let c = -9 - t. Let p be 0/(-1*c/(-3)). Let m(z) = -z**2 - z + 5. Give m(p).
5
Let g(j) = 5*j - 16. Let x(f) = 4*f - 17. Let z(s) = -3*g(s) + 4*x(s). Determine z(10).
-10
Let b(u) = -u**3 - 5*u**2 - 7. Let f(q) = -q**3 + 6*q**2 + 8*q - 12. Let r be f(7). What is b(r)?
-7
Suppose o + 21 = 4*d, 0*o = d - o - 9. Let j(c) = 0*c - 3*c - d + 5. Give j(-1).
4
Let o(m) = -2*m**3 + 3*m**3 - 2*m**2 + 0*m**2 - 2*m**2 + 6*m. Let t(p) = p**3 - 3*p**2 + 5*p - 1. Let v(w) = -2*o(w) + 3*t(w). Determine v(2).
7
Let h(d) = -d**3 - 2*d